 - 3 = 3*x - 23, 3*x = -2*g + 17. Suppose -x*m + 1 = -4. Let s(l) = -15*l**3 - m + 0*l + 16*l**3 + 6*l + 8*l**2. Give s(-7).
6
Let x(a) = a**3 + 21*a**2 - 22*a + 11. Suppose -2641 = -7*c - 2795. Determine x(c).
11
Let o(t) be the second derivative of -2*t**3/3 + 89*t**2/2 - 99*t - 10. What is o(17)?
21
Let o(v) = -2 - 4*v + 5*v + 4. Let z be -3 - 2*28/(-8). Suppose 0 = -z*k - 60*k - 2*k. Give o(k).
2
Let l(j) = 13 - 300*j**2 + 593*j**2 - 292*j**2 + j - 13. Determine l(3).
12
Let t(i) be the third derivative of -3*i**4/8 - 59*i**3/6 - 9*i**2 + 3*i. What is t(-6)?
-5
Let k(d) = -2*d**3 + 14*d**2 + 8*d + 8. Let c be k(7). Let f(w) = -c - 12*w**2 + 2*w + 65 - 10*w**2. What is f(-1)?
-23
Let o(r) = 7*r + 1. Let q(a) = -31 - 27 - 3*a + 57. Let x(n) = -2*o(n) - 5*q(n). Suppose f - 21 = 5*v - 1, -2*v + f - 5 = 0. Determine x(v).
-2
Let r(u) be the third derivative of 1/12*u**4 - 5/6*u**3 - 8*u**2 + 0*u + 0. Give r(0).
-5
Let n be 12/(-1) + 20*(-20)/(-100). Let v(o) = -o**2 - 5*o + 27. Give v(n).
3
Let m(t) = -t**3 - 4*t**2 + t. Suppose -29*a + 34*a = 120. Suppose -5*v - 24 = j, -2*j - a = 3*v + j. Determine m(v).
-4
Let m = -3370 + 3371. Let j(v) be the first derivative of 3*v**2/2 - 4. Give j(m).
3
Let r(s) = s**2 + s + 48. Let z be r(0). Let t(w) = z*w**2 - 47*w**2 + 4*w - 2*w - 3. Suppose 5*v + 7*v + 48 = 0. Calculate t(v).
5
Suppose 11*v - 4 = 9*v. Suppose -v*q = q + 15. Let t(c) = 3*c + 2. Let k(l) = -6*l - 4. Let r(b) = 6*k(b) + 11*t(b). What is r(q)?
13
Let a(u) be the second derivative of u**5/5 + u**2/2 - 9*u - 170. Calculate a(1).
5
Let s(o) = o**2 - 5*o + 13. Let r = 4456 - 4448. Give s(r).
37
Suppose -4 = -4*l + 3*l. Let s(h) = 0*h + 8 + h - h**3 - 4 - l*h**2 + 1. Determine s(-4).
1
Let j(p) be the second derivative of 97*p + 3*p**2 - 1/12*p**4 - 1/6*p**3 + 2. Give j(0).
6
Let t(j) = -j**3 + 15*j**2 + 37*j - 29. Suppose -5*v + 28 = y + 31, 3*v - 5 = -y. What is t(y)?
22
Let h(q) be the third derivative of -q**5/60 + 5*q**4/12 + 19*q**3/6 + 963*q**2. What is h(11)?
8
Suppose -2 = -w + 3*z, 5*w - 4*z = 6 + 4. Suppose -4 = -d - w. Suppose 0*n - f - 3 = 2*n, 0 = -d*n + f - 13. Let g(q) = -3*q - 4. What is g(n)?
8
Suppose 5*i = -39*i - 7159 + 7599. Let z(f) = -2*f**3 + 21*f**2 - 13*f + 15. Determine z(i).
-15
Let p be ((-40)/100)/(3/(-30)). Suppose 3*j - 19 = 2*x + p, 3*x + 12 = 0. Let u(g) = -g + 6. Give u(j).
1
Let w(p) = -4*p - 46. Let y be -18 - (-5976)/333 - -1*958/(-74). Give w(y).
6
Let c(b) be the second derivative of b**5/20 + 7*b**4/12 - b**3/6 - 9*b**2/2 + 3989*b. Let o(p) = -p - 13. Let n be o(-6). Calculate c(n).
-2
Let x = 27582 - 27576. Let y(t) = -200*t + 1199. Calculate y(x).
-1
Let k(c) be the second derivative of 2/3*c**3 + c**2 - 1/3*c**4 - 4 + 17*c - 1/20*c**5. What is k(-4)?
-14
Suppose 44 = 4*l + 4*m, 2 = l - 3*m - 1. Let p(c) = c**2 - 10*c + 15. Let n be p(l). Let i(x) = 1 + 4*x + 5*x - 6*x - 7. Give i(n).
12
Suppose 0 = -2*a + 11*a + 711. Let y = -83 - a. Let w(j) be the second derivative of j**4/12 + 5*j**3/6 + j**2/2 - j. Give w(y).
-3
Let x(k) = -133*k + 55. Let o(q) = 377*q - 156. Let h(t) = 6*o(t) + 17*x(t). Let l = -10 - -2. What is h(l)?
-9
Let p be 1/(4*9/108). Let b(u) = 19*u. Let a(l) = -1. Let d(n) = 4*a(n) + b(n). Let h(t) = -7*t + 1. Let z(m) = p*d(m) + 8*h(m). What is z(8)?
4
Let h(z) = -z + 2. Let n be h(2). Let s(t) = 5*t**2 + t**3 + 6 + 2*t + n*t**2 - t. Suppose 3235 = -921*c + 274*c. Give s(c).
1
Let g(o) = 7 - 5*o**2 - 1485*o - 5*o**2 + 2*o**2 + 738*o + 739*o. Determine g(-2).
-9
Let m(i) = -5*i + 27 - i + 23 - 56. Determine m(-4).
18
Let t(c) = -c**2 + c + 1. Let q(i) = 8*i - 12. Let m(v) = -q(v) - t(v). Let a be -9 + (-138)/(-23) - -11. Calculate m(a).
3
Let l(h) be the first derivative of 1/3*h**3 - 98 - 6*h - 11/2*h**2. Give l(11).
-6
Suppose 0 = -2*j + 79*r - 81*r + 6, 0 = -4*j + 4*r - 36. Let o(q) = -68*q - 204. Determine o(j).
0
Suppose -y + 4 = 0, -20 = -2*l - 8*y + 4*y. Let s(x) = 0*x + 2*x - 4 + l - 4 - 5. Calculate s(7).
3
Let n(d) = -d**3 + d**2 + d - 6. Let f = 31 - 3. Suppose -4 = -3*i - f. Let w(c) = 3*c + 24. Let t be w(i). Calculate n(t).
-6
Suppose -935*f = -975*f + 40. Let b(x) = -2*x + 1 + x**2 - 3*x - x + 4*x. What is b(f)?
0
Let u(a) = -2*a**3 - 19*a**2 - 9*a - 4. Let c = 1374 + -1383. Calculate u(c).
-4
Let d(n) = n**2 + 6*n + 9. Let a(t) be the third derivative of -t**4/3 - 12*t**3 - 17*t**2. Let p be a(-8). Give d(p).
25
Suppose 0 = 4*h - 3*l - 35, -4*h - 4*l + 30 = -2*l. Let i(t) = t + 2*t**2 - 10 - h + t + 21. What is i(-2)?
7
Let y(q) = -q**2 - 11*q - 32. Let x = 28769 - 28773. Determine y(x).
-4
Let h(k) = 3*k + 2. Let u(i) = -164*i - 116. Let z(w) = -52*h(w) - u(w). Calculate z(3).
36
Let v(q) = -q**2 - 14*q - 8. Let k be (-8)/(-10)*60/24. Suppose 3*s - 2*n + 11 = -41, -2*n - 18 = k*s. Determine v(s).
-8
Let q = 2 + -50. Let w = 51 + q. Let j(p) = 3*p**3 + p**2 - 7*p - 3. Let x(r) = -2*r**3 - 2*r**2 + 6*r + 3. Let i(v) = 3*j(v) + 4*x(v). Give i(w).
-6
Let f(d) = -4*d**3 + d. Let b = 12 - 12. Suppose 3*x - 2*r + 4 = b, 0 = 4*x - 5*r + 2*r + 7. Suppose 0 = x*t - 13 + 15. Determine f(t).
3
Let r(l) = 609*l**2 - 69*l - 305*l**2 + 41 - 302*l**2. Let c be r(34). Let q(a) = a**3 - 8*a**2 + 7*a + 10. Calculate q(c).
10
Let g be 4 + (-28)/12*3. Let i be -6 + 0 + 3 + (-1 - g). Let b(h) = -4*h + 1. What is b(i)?
5
Let i(b) = -b**3 + b - 1. Suppose -4*u + 7*h - 2*h - 1506 = 0, -6 = 3*h. Let c = u - -377. Determine i(c).
5
Let x(i) be the third derivative of 11*i**4/24 + 97*i**3/2 + 1563*i**2. What is x(-26)?
5
Let p(o) = -o**3 + 4*o**2 + 14*o - 43. Let z = 24865 - 24860. Calculate p(z).
2
Let m(z) = 18*z + 3. Let t(c) = 5*c + 2. Let u(j) = 3*m(j) - 11*t(j). Suppose h = 6*h. Determine u(h).
-13
Suppose -13*i + 664 = 599. Let g(u) = -5*u + 4*u - i*u + 2*u + u**2 - 19 - 4*u. Determine g(8).
-19
Suppose 3*u - s = 65, 15 = s - 4*s. Let q(j) = u*j**2 - 21*j**2 + 10*j - 9 - 2 - 1. Let k be (-7)/(35/(-44)) + (-8)/10. Calculate q(k).
4
Let h(a) = a - 1. Let w(s) = 5*s + 11. Let y(q) = 2*h(q) - w(q). Let z(b) = 2*b**2 - 21*b + 4. Let x be z(10). Give y(x).
5
Suppose -1 + 6 = 5*x. Let w(c) = 9 + 44 + c + 17 - 71. Give w(x).
0
Suppose -2*j + 24 = 5*t, -5*j - 54 = t - 68. Let z(l) be the third derivative of 0*l + 1/2*l**3 - 17*l**2 + 1/8*l**t + 0 - 1/60*l**5. Determine z(-2).
-7
Let j(l) = 4*l + l**3 - 6469*l**2 + 7*l - 12 + 6*l + 6482*l**2. What is j(-12)?
-72
Let d(m) = m. Let j(f) = -213 - 21*f + 85 + 10*f + 5*f + 9*f. Let v be j(43). What is d(v)?
1
Let a be (-1716)/4719 + 58/(-22) + -2. Let d(z) = -29*z - 110. Determine d(a).
35
Let n = 863 + -855. Let x(d) = 7*d - 23. What is x(n)?
33
Let p(q) = q - 10. Let z be p(16). Let o be (z/(-4))/(-9*1/12). Let l(f) = -2 + 8 - 3*f + o*f. What is l(-6)?
12
Suppose -24 = 6*d - 6. Let o(g) = -1 - 91*g - 78*g + 171*g. Determine o(d).
-7
Let w(g) = 387502 - 21*g - 387526 + 5*g. What is w(-2)?
8
Suppose 0 = i - 16 + 13. Suppose -i*g + 0 - 9 = 0. Let p(j) = 5*j**2 + 4*j + 2. Let x(h) = -4*h**2 - 4*h - 1. Let r(t) = 3*p(t) + 4*x(t). What is r(g)?
5
Suppose 0 = 8*w - 455 + 463. Let l(h) = 55*h**3 - h - 1. Give l(w).
-55
Let m(f) = -1 + 1 + 8*f**2 - 1. Suppose -j + 19*j = -9540. Let n = -529 - j. Determine m(n).
7
Let l(u) be the first derivative of 7/3*u**3 - 26 + 0*u**2 + 1/12*u**4 + 0*u + 1/120*u**5. Let j(r) be the third derivative of l(r). Calculate j(0).
2
Let l(m) be the second derivative of m**4/12 + 3*m**3/2 - m**2/2 - 2*m. Suppose -392*h - 768 = -296*h. Calculate l(h).
-9
Let v(w) = -29*w - 90. Suppose 58*b = -82*b - 7*b - 588. Determine v(b).
26
Suppose -14 = -2*w - 8. Let u(h) = 2*h - h - 3*h + w*h + 2. Calculate u(-10).
-8
Let i be (2 + 0 - 0)*-4. Let t(s) be the third derivative of s**4/12 + 2*s**3 - 284672*s**2. What is t(i)?
-4
Let f(h) = 9*h + 145. Let n(c) = -127*c - 15766. Let r be n(-124). Calculate f(r).
-17
Suppose 44*m - 43*m + 1 = 0. Let c(z) = -2*z**3 + z**2 + 7*z + 6. Give c(m).
2
Let m(r) be the second derivative of -r**5/40 - 5*r**4/8 + r**3/3 - 27*r**2/2 - 42*r - 3. Let j(d) be the second derivative of m(d). Calculate j(-7).
6
Let o(b) = -b**3 - 8*b**2 + 11*b + 17. Suppose -29*h + 196 - 376 = -9*h. What is o(h)?
-1
Let p(h) = 2*h**2 + 26*h + 6. Let n be p(-13). Let c(b) = -6*b + 14. Let l(o) = -6*o + 13. Let d(k) = n*c(k) - 7*